
Suppose 5*i + 10 - 30 = 0. Suppose -4*u + 5*c = -64, i*u + c + 23 - 63 = 0. What is the units digit of u?
1
What is the units digit of (-9)/24 + 7 + 58597/56?
3
Let v(b) = -b**3 - 6*b**2 - 2*b + 24. What is the thousands digit of v(-14)?
1
What is the units digit of ((-4)/22)/1 - 50476/(-44)?
7
Let s be (-14 - 2)*1/(-2). Suppose m - s = -m. Suppose m - 22 = -3*g. What is the units digit of g?
6
Suppose -s + 1 = -1. Suppose 0 = -s*q + a + 41, -23 = 3*q - 4*a - 82. What is the tens digit of q?
2
Let s(w) = -3*w**2 + 2*w - 4. Let o(t) = t**2 + t - 1. Let b(x) = 2*o(x) - s(x). What is the tens digit of b(2)?
2
Let s(n) = 7*n + 4. Suppose j = 3*j + 16. Let d be (-1 + -7)*4/j. What is the units digit of s(d)?
2
Let j = 5254 - 3052. What is the thousands digit of j?
2
Let z = 2066 + -790. What is the hundreds digit of z?
2
Let w be (-1 + -1)*50/(-4). Suppose 3 = -v, -v = -2*d - 2 + w. What is the units digit of 39/2*d/15?
3
Let i = -1251 - -1837. Let f = i + -336. What is the units digit of f?
0
Let v = 1712 + -1172. What is the units digit of v?
0
Suppose 0 = -2*f + 5*m - 10*m + 31, 3*f + 2*m = 19. Suppose -20 = -5*x + f*k + 12, 2*k - 23 = -3*x. Suppose -3*y = -x*y + 64. What is the units digit of y?
6
Let v(q) = -3*q**2 + 11*q + 1. Let a(o) = -o**2 + 5*o + 1. Let x(h) = 5*a(h) - 2*v(h). What is the units digit of x(-2)?
1
Let q(i) = i + 12. Let k be q(-11). Let w be (216/32)/(k/4). Suppose -n - 4*j + w = 0, 5*n + 0*j = 5*j + 10. What is the units digit of n?
7
Let v be 3/(-15) - (-308)/(-35). Let s(f) = -7*f + 3. Let k be s(v). What is the tens digit of (-761)/(-11) + (-12)/k?
6
Let y = -84 - -89. Suppose -4*n = -3*o - n + 9, -20 = -y*n. What is the units digit of o?
7
Suppose -s = 4*x - 30, -5*s + 4*x + 163 = -107. Let o = s - -74. What is the units digit of o?
4
Let m be (12/3)/(-1) + 3. Let d be 0*1/3*m. Suppose -5*a + y + 47 = d, 0*a = -a + 3*y + 15. What is the units digit of a?
9
Suppose -2017 - 4143 = -4*h. What is the units digit of h?
0
Let b(k) = 3*k**3 - 8*k**2 + k + 4. Let j be b(8). Suppose 19*c = 5*c + j. What is the tens digit of c?
7
What is the tens digit of -5 + 811476/228 - 2/19?
5
Let l(h) = -h**2 - 17*h - 14. Suppose 4*f - 30 = c + c, 0 = 5*c - 5*f + 75. What is the units digit of l(c)?
6
Let g(q) = q**3 - 2*q**2 + 3*q - 1. Suppose -3*o = -4*o + 2. Let w be g(o). Suppose -a + 5*a = 5*m - 190, 4*m = -w*a + 152. What is the tens digit of m?
3
Suppose 0 = -5*o + 8*o - 33. Suppose -7*s + 8*s = -o. Let j = 36 + s. What is the tens digit of j?
2
Suppose 2*a - 132 = 3*o, -242 = 2*o + 3*o + 4*a. Let d = 101 + o. What is the tens digit of d?
5
Suppose -4*f - 2*q - 3*q + 23 = 0, -15 = -3*f - 3*q. Let c(u) = -9*u**3 + 3*u - u**f - 3*u. What is the units digit of c(-1)?
8
Let b(m) = 2*m**2 + m + 39. Let l be b(-7). Suppose 4*t + 2 = 5*t. Suppose -5*z - 8 = -t*p + 77, -4*p + 2*z + l = 0. What is the units digit of p?
0
What is the hundreds digit of 162 + 1 + 1 + 4?
1
Suppose -2*b = 3 - 5. Suppose -n + 5 = 3*i + b, 4*n + i - 27 = 0. What is the units digit of n?
7
What is the hundreds digit of 6177/10 - (-6)/20?
6
Let u = 1550 + 781. What is the units digit of u?
1
Let m(z) = z**3 + 6*z**2 + 4*z + 1. Let f be m(-5). Let w(o) = -36*o - 44*o + 5 + 84*o + f*o**2. What is the tens digit of w(-3)?
4
What is the units digit of ((-374)/33*3)/((-4)/78)?
3
Let u be (-93 - (2 - 3)) + 1. Let g = u - -181. What is the tens digit of g?
9
Let n(v) = -3*v**2 + 2. Let m be n(2). What is the units digit of (6 + (3 - 3))*m/(-4)?
5
Let t(b) = 43*b**3 + 4*b**2 - 9*b + 18. What is the units digit of t(3)?
8
Let t = 223 + -96. Suppose 0 = -14*q + 55 + t. What is the units digit of q?
3
Let w(v) = -6*v - 10. Let p be w(0). What is the units digit of ((-45)/p)/(-9)*-670?
5
Let w = 22 - 22. Suppose w = -a - 26 + 65. What is the units digit of a?
9
Let n(r) = r**3 - r**2 + 9. Let s be n(0). Let o be (-12924)/(-288) - (-2)/16. Suppose o = -8*g + s*g. What is the units digit of g?
5
Let j(r) = -r**3 - 18*r**2 + 36*r + 25. Let t be j(-20). Suppose -t*c - 585 = -110*c. What is the units digit of c?
7
Let r(s) = 2594*s**3 + 3*s**2 - 6*s + 4. What is the thousands digit of r(1)?
2
What is the hundreds digit of (4630/(-20))/(1/(-2))?
4
Let h = 6 - -12. Suppose 3*c = -2*c + 2*n + h, 0 = -5*c + 4*n + 16. Suppose 0 = 2*b + 2*v - 120, 3*v - 272 = -c*b - 32. What is the units digit of b?
0
Let f(a) = 4*a**2 + 33*a + 11. Let b = -16 - -9. Let c(w) = 2*w**2 + 17*w + 5. Let p(g) = b*c(g) + 4*f(g). What is the units digit of p(-6)?
3
Suppose -4*z - 16 = 0, 5*d + 5*z - 73 = 2*d. Suppose c = 2*r - 4 + d, 2*r + 120 = 4*c. What is the units digit of c?
1
What is the tens digit of 22*(14 - 1 - 8)?
1
Let p(j) = -5*j. Suppose -d + 0 - 4 = 0. Let k(w) = -w + 1. Let g(t) = d*k(t) + p(t). What is the units digit of g(-9)?
5
Let y(n) be the second derivative of n**4/12 - n**3/6 + n**2/2 + n. Let c(d) = 2*d**2 - 12*d + 21. Let r be c(4). What is the tens digit of y(r)?
2
Let j(n) = 61*n**2 - 52*n + 286. What is the tens digit of j(5)?
5
Suppose 10037 - 67589 = -24*c. What is the units digit of c?
8
Suppose 3*d + 0*d - 5*l - 10 = 0, 0 = 4*l + 8. Suppose d = 8*v - 7*v - 36. What is the tens digit of v?
3
Suppose 8 = -4*g + 8*g. What is the tens digit of 67 + (-2 - g - -8)?
7
Suppose -b = 6*b. What is the tens digit of (-116 + 4)*(-1 - (b + 0))?
1
Let q(k) be the third derivative of -k**5/60 + k**4/3 + 2*k**3 + 3*k**2. Let t be q(9). Suppose 20 + 7 = t*j. What is the units digit of j?
9
Let x(j) = -j**2 - 2. Let z be x(2). Let f(v) be the first derivative of -5*v**2/2 - 5*v + 1. What is the units digit of f(z)?
5
Let a = 1531 + -824. What is the units digit of a?
7
Let k = -16 + 37. Let w = k + -15. Suppose 23 = w*i - 139. What is the units digit of i?
7
What is the thousands digit of 0/(-13) + 1/((-1)/(-1128))?
1
Suppose -124 = -2*l - 2*l - 2*p, 3*l - 3*p = 93. Let g = 55 + l. What is the units digit of g?
6
Let i be (0 - 4) + (211 - 7). Suppose -3*w = 5*j - i, 7*j + 95 = w + 3*j. What is the tens digit of w?
7
Let j(s) be the second derivative of -7*s**3/3 - 10*s**2 - s. What is the hundreds digit of j(-9)?
1
Suppose 5 = 7*r - 6*r. Suppose -2*l + r*c + 341 = 0, 2*l + l - 3*c - 516 = 0. What is the tens digit of l?
7
Suppose 0 = 2*p - 5*p + 6. Suppose 3*q = p*q + 3. What is the tens digit of 9*q/18*16?
2
Let s(z) = -52*z**2 - 2*z + 12. Let o be s(4). What is the units digit of (10/(-6))/(6/o)?
0
Let l = 359 - -850. What is the units digit of l?
9
Suppose -s + 1269 = -l, -3*s - 2*l - 5070 = -7*s. What is the thousands digit of s?
1
Let k = -960 - -1665. What is the units digit of k?
5
Suppose 2*k - w = 0, -2*k - 3*k + 5*w = 10. Suppose -4*o = -u - 771, 0*u = -2*o + k*u + 378. What is the units digit of o?
4
Let h be ((-20)/(-8) + -4)*-46. Suppose h + 483 = 4*y. What is the tens digit of y?
3
Let r be ((-10)/45)/(2/(-18)). Suppose -177 = r*z - 5*z. What is the units digit of z?
9
Suppose b = -3*m + 382, 5*m - 378 = 2*m - 3*b. Let o = -52 + m. Suppose d - 2*u - 19 = -u, 0 = 4*d - u - o. What is the units digit of d?
9
Let z = -25 - -27. Suppose 0 = z*r + 4*r + 270. Let g = r - -77. What is the tens digit of g?
3
What is the thousands digit of (2/(2/(-7)))/((-35)/5425)?
1
Let f(q) = 2*q**2 - 7*q + 2. Let i be f(6). Suppose 3*y = -5*c - 127 + i, 0 = 2*y - 5*c + 80. Let x = y + 53. What is the tens digit of x?
1
Suppose 0 = -0*n - n + 5*j + 39, 0 = 3*n - 2*j - 78. Let b be (2/(-5))/(2/(-10)). Suppose d - 4*h = 24, -b*d - 4*h + n = -d. What is the tens digit of d?
2
Let y(v) = v**3 + v**2 + v + 1. Let n be y(-1). Suppose n = 5*h - 4*k - 9 + 67, -2*h = -2*k + 24. Let x = h - -16. What is the units digit of x?
6
Let j = -180 - -308. Let g = -54 + j. What is the units digit of g?
4
Suppose -3*f + 10 = -5*m, 3*m - 6 + 3 = 0. Let x be (-31)/f - (-3)/15. What is the units digit of 3 + (-1)/((-3)/x)?
1
Suppose 16856 = -838*k + 846*k. What is the hundreds digit of k?
1
Suppose 13*u - 13766 = 2107. What is the hundreds digit of u?
2
Let f(k) = -k**3 - 5*k**2 + 2*k + 10. Let z be f(-5). Suppose -8*i + 11*i - 579 = z. What is the units digit of i?
3
Let t be (-3 - -59)/4 - 2. Let n = 27 - t. Let x = n + 22. What is the units digit of x?
7
Let t(c) = 5*c**2 + c - 6. Let f be t(-3). Let d = f + 103. What is th